) = 2*d**2 - 7487*d + 119374. What is h(16)?
94
Let y(b) = b**3 + 238*b**2 + 2708*b - 918. What is y(-226)?
-14
Let t(n) = 571*n - 195843. What is t(343)?
10
Let b(v) = -v**3 + 316*v**2 - 3654*v + 75. Calculate b(12).
3
Let f(q) = 650175*q - 6501752. Calculate f(10).
-2
Let b(m) = -8250*m + 49434. What is b(6)?
-66
Let t(i) = -1752*i**2 - 7018*i + 9. Calculate t(-4).
49
Let x(t) = 6*t**3 + 38*t**2 - 119*t - 117. Determine x(4).
399
Let u(c) = 3*c**2 - 298*c + 3744. Calculate u(82).
-520
Let b(u) = -5*u**3 - 4408*u**2 + 1821*u + 50269. Give b(-882).
-5
Let t(w) = -93*w + 5656. Determine t(58).
262
Let i(k) = 349*k + 8172. Determine i(-24).
-204
Let h(b) = -197*b**2 + 209*b + 209. Give h(-1).
-197
Let n(k) = -15*k**2 - 1182*k + 6544. Determine n(-84).
-8
Let j(l) = -7*l**2 + 2933*l + 55055. Calculate j(437).
-7
Let r(t) = -111*t**3 + 555*t**2 + 123*t - 621. Calculate r(5).
-6
Let u(b) = -298*b**2 - 10418*b + 426. Give u(-35).
6
Let x(b) = 3161*b - 224428. What is x(71)?
3
Let f(s) = 80*s**2 + 15289*s - 13628. What is f(-192)?
4
Let p(v) = -v**3 - 224*v**2 + 188164*v + 2224. Calculate p(-560).
-16
Let m(h) = 17466*h + 471586. Give m(-27).
4
Let q(l) = -l**2 + 1328*l - 360243. What is q(380)?
-3
Let s(j) = 397961*j + 1989844. Calculate s(-5).
39
Let f(i) = -2*i**3 + 97*i**2 + 5048*i - 643. Give f(80).
-3
Let w(o) = -37*o**2 - 48*o + 248. Calculate w(3).
-229
Let g(o) = -700*o - 6293. Give g(-9).
7
Let a(v) = 6*v**3 - 27*v**2 + 98*v + 127. Determine a(6).
1039
Let l(p) = 404*p**2 - 1615*p - 4. What is l(4)?
0
Let z(k) = -k**3 - 11*k**2 + 2388*k + 54591. Calculate z(-34).
-13
Let n(b) = 4*b**3 + 120*b**2 + 898*b + 3. Calculate n(-17).
-235
Let o(i) = 14*i**2 + 568*i + 111. Determine o(-40).
-209
Let t(r) = 169*r - 2293. Determine t(11).
-434
Let b(p) = p**3 - 6*p**2 + 3445*p + 36053. What is b(-10)?
3
Let i(o) = -2589*o**2 + 77666*o + 149. Calculate i(30).
29
Let i(y) = -y**3 - 249*y**2 + 1575*y + 11278. Determine i(-255).
-197
Let u(v) = -33466*v - 100403. Calculate u(-3).
-5
Let n(t) = -617996*t - 54383645. Calculate n(-88).
3
Let i(s) = s**2 + 11*s - 1291. Give i(48).
1541
Let j(x) = -1621980*x - 37305541. Determine j(-23).
-1
Let z(j) = -5*j**3 - 232*j**2 - 397*j - 14050. What is z(-46)?
-20
Let j(h) = -h**3 + 2*h**2 - 28*h - 28. Calculate j(-1).
3
Let g(h) = -4*h**2 - 2987*h - 14839. Give g(-5).
-4
Let r(n) = -341*n**2 + 2513*n - 13. Calculate r(9).
-5017
Let b(x) = -x**3 + x**2 - 8*x - 251. Determine b(8).
-763
Let v(u) = 124*u**2 - 610*u - 15. Give v(7).
1791
Let i(f) = -999*f + 7926. Determine i(8).
-66
Let v(g) = 43*g + 10. Give v(-1).
-33
Let r(g) = g**2 + 1553*g + 514453. Give r(-479).
7
Let g(l) = -10*l**2 - 115*l + 112. Calculate g(-9).
337
Let l(m) = m**3 + 342*m**2 - 4249*m - 282. Calculate l(-354).
72
Let a(x) = 3*x**3 - 4*x**2 - 4*x + 34. Calculate a(-2).
2
Let m(u) = -777*u - 566. What is m(-1)?
211
Let w(p) = -2*p**3 - 249*p**2 - 192*p - 174. Give w(-124).
8258
Let s(q) = q**3 + 257*q**2 - 2349*q + 11955. Give s(-266).
-15
Let i(f) = -12*f**2 + 707*f + 3070. What is i(63)?
-17
Let q(z) = 408*z + 25360. Determine q(-54).
3328
Let k(m) = -125*m**3 - 2*m**2 + 11525*m + 11525. Calculate k(-1).
123
Let t(w) = -423608*w - 2118020. Calculate t(-5).
20
Let n(w) = -w**3 + 35*w**2 - 119*w + 5558. What is n(36)?
-22
Let a(o) = 2*o**2 - 76*o + 493. What is a(32)?
109
Let g(n) = 17*n**2 + 7533*n - 37644. Calculate g(5).
446
Let v(c) = 1176*c**2 + 6061*c - 1. Give v(-5).
-906
Let f(c) = -6265*c + 25791. Give f(4).
731
Let c(r) = 959*r - 60404. Give c(63).
13
Let l(t) = -5642*t**2 - 28222*t - 52. Calculate l(-5).
8
Let r(n) = -n**3 - 7056*n**2 - 245736*n - 38. What is r(-35)?
-3
Let k(p) = p**2 + 303*p - 25121. Calculate k(69).
547
Let t(c) = -1792*c - 69801. What is t(-39)?
87
Let q(f) = f**2 - 116*f - 47. What is q(125)?
1078
Let c(g) = -2*g**3 - 67*g**2 - 164*g + 251. Calculate c(-4).
-37
Let r(f) = f**3 - 17*f**2 - 52*f + 1094. What is r(14)?
-222
Let q(s) = s**3 - 302*s**2 + 1520*s - 78. Give q(5).
97
Let x(v) = -4*v**2 - 1871*v + 11378. Determine x(6).
8
Let m(t) = 1331*t - 22401. Determine m(18).
1557
Let s(w) = -278*w - 18236. Determine s(-66).
112
Let l(v) = -5894*v - 6070834. Give l(-1030).
-14
Let z(u) = -9*u**2 + 5358*u + 8969. Determine z(597).
14
Let g(w) = 14830*w - 163186. Give g(11).
-56
Let m(a) = -a**3 - 36*a**2 + 969*a + 71. Calculate m(18).
17
Let v(k) = 3*k**2 - 102*k - 1828. Determine v(42).
-820
Let l(c) = -17*c**2 - 82*c - 2. Calculate l(-3).
91
Let o(l) = l**3 + 114*l**2 - 234*l + 104. Give o(-116).
336
Let r(x) = x**2 + 798584*x - 47918643. Calculate r(60).
-3
Let h(g) = 5*g**3 - 294*g**2 + 2813*g - 41. Give h(12).
19
Let x(j) = j**3 - 12*j**2 - 7*j + 80. Determine x(6).
-178
Let s(q) = -6*q**3 + 221*q**2 + 3*q + 1210. Determine s(37).
-48
Let s(n) = 63*n**2 - 6*n - 1030. Determine s(-4).
2
Let i(d) = d**2 + 422476*d + 12250956. Calculate i(-29).
-7
Let x(d) = -d**2 - 15738*d + 204757. What is x(13)?
-6
Let d(o) = 178*o + 7704. Calculate d(-43).
50
Let g(l) = -3*l**2 - 791*l + 141158. Determine g(122).
4
Let m(n) = 4*n**3 + 116*n**2 + 635*n + 63. Calculate m(-20).
1763
Let r(o) = -846*o + 109170. Give r(129).
36
Let w(n) = -8*n**2 + 194*n - 2505. Calculate w(14).
-1357
Let b(c) = c**3 - 30*c**2 + 256*c - 502. Determine b(16).
10
Let a(d) = 3*d**3 + 21*d**2 - 18*d + 26. Calculate a(-9).
-298
Let c(w) = -252*w + 815. Calculate c(4).
-193
Let x(s) = -7010*s + 553800. Determine x(79).
10
Let n(y) = -2*y**2 + 1049*y + 91936. Give n(601).
-17
Let i(u) = -384*u + 105192. What is i(274)?
-24
Let j(q) = 47830*q + 717496. Give j(-15).
46
Let f(m) = -m**3 - 10*m**2 - 24*m - 149. Calculate f(-12).
427
Let d(t) = t**3 + 128*t**2 - 204*t + 7280. Determine d(-130).
0
Let r(i) = -26435*i - 184918. Calculate r(-7).
127
Let c(m) = m**2 - 41*m - 1345. Give c(59).
-283
Let o(i) = -26*i**2 + 587*i + 2282. Calculate o(-4).
-482
Let n(x) = 21*x**2 + 183*x + 872. Give n(-9).
926
Let z(x) = -477*x - 9048. Give z(-20).
492
Let n(l) = -l**3 + 6*l**2 - 46*l - 1032. Give n(-6).
-324
Let z(a) = 8*a**3 + 3934*a**2 - 1045*a - 30005. What is z(-492)?
7
Let i(o) = 6*o**2 + 19*o - 511. Determine i(6).
-181
Let k(q) = -14594*q - 116529. What is k(-8)?
223
Let f(p) = p**3 + 9*p**2 - 6651*p - 40017. Calculate f(-6).
-3
Let r(v) = -16*v**2 + 610*v + 8637. Give r(-11).
-9
Let x(m) = 17551*m - 561626. What is x(32)?
6
Let x(n) = 27*n**2 + 42872*n + 341248. Determine x(-8).
0
Let h(b) = -b**2 - 53*b + 2. Give h(-39).
548
Let q(r) = -290549*r + 3196005. Determine q(11).
-34
Let t(k) = 4931*k - 45659. Calculate t(9).
-1280
Let h(x) = -111*x**3 - 2*x**2 - 48*x - 103. Determine h(-2).
873
Let n(o) = o**2 + 132*o - 2498. What is n(23)?
1067
Let q(x) = -x**3 + 98*x**2 - 991*x - 488. Calculate q(12).
4
Let z(j) = -j**3 - 25*j**2 + 823*j + 848. What is z(-1)?
1
Let j(f) = 13852502*f - 110820010. Determine j(8).
6
Let c(b) = -2*b**3 + 44*b**2 - 63*b - 1002. What is c(8)?
286
Let u(h) = 2036*h + 333. Give u(-1).
-1703
Let d(w) = -666*w + 25309. What is d(38)?
1
Let l(j) = -j**3 - 142*j**2 - 127*j - 2942. What is l(-141)?
-4916
Let o(x) = 145*x**2 + 8511*x - 20367. What is o(-61)?
7
Let b(z) = -3*z**3 + 63*z**2 + 73*z - 51. Give b(22).
103
Let f(v) = -1617*v - 24285. What is f(-14)?
-1647
Let t(g) = 5652*g - 33896. Determine t(6).
16
Let c(z) = 2*z**3 + 142*z**2 + 1559*z - 511. What is c(-14)?
7
Let s(m) = -3*m**2 - 93*m + 1279. Determine s(18).
-1367
Let b(p) = 78*p**3 + 7*p**2 + p + 14. What is b(-4)?
-4870
Let y(r) = 466393*r - 1399107. Calculate y(3).
72
Let l(m) = -3*m**3 - 964*m**2 + 1617*m - 62. What is l(-323)?
-708
Let c(a) = -1360*a - 724850. Determine c(-533).
30
Let c(i) = -129*i**2 + 696*i + 3529. Calculate c(-5).
-3176
Let q(v) = 6*v**2 - 15043*v + 75087. Determine q(5).
22
Let a(h) = 2*h**3 + 57*h**2 + 70*h + 48. What is a(-27)?
345
Let w(b) = 158*b - 7924. Calculate w(46).
-656
Let o(d) = d**3 + 13*d**2 + 251*d + 2170. What is o(-10)?
-40
Let j(q) = -q**2 - 600*q - 30556. What is j(-54)?
-1072
Let i(y) = -1491*y - 246019. Give i(-165).
-4
Let p(x) = 15*x**3 + 7322*x**2 + 988*x + 5903. Calculate p(-488).
47
Let m(y) = -10*y**2 + 848*y - 676. Calculate m(84).
-4
Let p(k) = 27*k**3 - 28*k**2 + 6*k + 1. Calculate p(3).
496
Let k(d) = 2*d**3 - 20*d**2 + 2